
1
What is the units digit of 1007?
7
What is the tens digit of 1478?
7
What is the tens digit of 5703?
0
What is the ten thousands digit of 51325?
5
What is the tens digit of 667?
6
What is the tens digit of 850?
5
What is the hundreds digit of 537?
5
What is the units digit of 39510?
0
What is the tens digit of 1440?
4
What is the tens digit of 50546?
4
What is the thousands digit of 4703?
4
What is the tens digit of 909?
0
What is the hundreds digit of 3227?
2
What is the hundreds digit of 778?
7
What is the units digit of 5912?
2
What is the tens digit of 2616?
1
What is the tens digit of 2948?
4
What is the tens digit of 3213?
1
What is the tens digit of 672?
7
What is the ten thousands digit of 16247?
1
What is the units digit of 1388?
8
What is the hundreds digit of 24612?
6
What is the thousands digit of 3276?
3
What is the tens digit of 346?
4
What is the thousands digit of 3048?
3
What is the ten thousands digit of 31638?
3
What is the units digit of 2991?
1
What is the ten thousands digit of 35206?
3
What is the thousands digit of 1348?
1
What is the hundreds digit of 194059?
0
What is the tens digit of 7721?
2
What is the ten thousands digit of 70825?
7
What is the ten thousands digit of 33289?
3
What is the units digit of 1018?
8
What is the units digit of 329?
9
What is the tens digit of 278?
7
What is the hundreds digit of 698?
6
What is the tens digit of 8111?
1
What is the units digit of 1176?
6
What is the thousands digit of 1331?
1
What is the thousands digit of 7625?
7
What is the tens digit of 2810?
1
What is the units digit of 2098?
8
What is the ten thousands digit of 44861?
4
What is the units digit of 1231?
1
What is the thousands digit of 9624?
9
What is the units digit of 3617?
7
What is the units digit of 25027?
7
What is the units digit of 11589?
9
What is the units digit of 7380?
0
What is the units digit of 59?
9
What is the tens digit of 797?
9
What is the thousands digit of 8228?
8
What is the thousands digit of 7991?
7
What is the tens digit of 606?
0
What is the thousands digit of 7953?
7
What is the tens digit of 7345?
4
What is the thousands digit of 50191?
0
What is the hundreds digit of 1673?
6
What is the tens digit of 106008?
0
What is the tens digit of 2441?
4
What is the ten thousands digit of 99105?
9
What is the units digit of 3833?
3
What is the hundreds digit of 39831?
8
What is the units digit of 2957?
7
What is the thousands digit of 64977?
4
What is the tens digit of 534?
3
What is the thousands digit of 48570?
8
What is the hundreds digit of 3617?
6
What is the tens digit of 1019?
1
What is the hundreds digit of 1208?
2
What is the units digit of 1788?
8
What is the hundreds digit of 3572?
5
What is the hundreds digit of 9760?
7
What is the units digit of 1179?
9
What is the tens digit of 4635?
3
What is the units digit of 22421?
1
What is the hundreds digit of 1765?
7
What is the thousands digit of 44421?
4
What is the tens digit of 8766?
6
What is the tens digit of 3690?
9
What is the hundreds digit of 232?
2
What is the units digit of 29005?
5
What is the hundreds digit of 24026?
0
What is the tens digit of 170?
7
What is the thousands digit of 24801?
4
What is the thousands digit of 49897?
9
What is the hundreds digit of 95300?
3
What is the tens digit of 429?
2
What is the units digit of 342?
2
What is the thousands digit of 2313?
2
What is the units digit of 3687?
7
What is the thousands digit of 1869?
1
What is the tens digit of 28342?
4
What is the hundreds digit of 269?
2
What is the tens digit of 68?
6
What is the ten thousands digit of 19836?
1
What is the thousands digit of 22186?
2
What is the tens digit of 1698?
9
What is the hundreds digit of 701?
7
What is the hundreds digit of 944?
9
What is the tens digit of 731?
3
What is the hundreds digit of 1211?
2
What is the units digit of 8769?
9
What is the thousands digit of 1249?
1
What is the thousands digit of 4497?
4
What is the units digit of 37138?
8
What is the tens digit of 92533?
3
What is the hundreds digit of 3436?
4
What is the tens digit of 3817?
1
What is the tens digit of 9519?
1
What is the units digit of 5676?
6
What is the tens digit of 1035?
3
What is the hundreds digit of 9920?
9
What is the hundreds digit of 675?
6
What is the thousands digit of 9064?
9
What is the thousands digit of 4988?
4
What is the tens digit of 11173?
7
What is the tens digit of 24653?
5
What is the hundreds digit of 3211?
2
What is the units digit of 78911?
1
What is the units digit of 10374?
4
What is the ten thousands digit of 40399?
4
What is the tens digit of 21341?
4
What is the thousands digit of 4482?
4
What is the tens digit of 3627?
2
What is the thousands digit of 30726?
0
What is the units digit of 2939?
9
What is the tens digit of 45459?
5
What is the ten thousands digit of 135289?
3
What is the hundreds digit of 2004?
0
What is the tens digit of 246?
4
What is the hundreds digit of 4031?
0
What is the tens digit of 3582?
8
What is the hundreds digit of 17954?
9
What is the tens digit of 118580?
8
What is the units digit of 1263?
3
What is the tens digit of 53478?
7
What is the hundred thousands digit of 133161?
1
What is the thousands digit of 19616?
9
What is the thousands digit of 4220?
4
What is the hundred thousands digit of 138674?
1
What is the units digit of 75251?
1
What is the units digit of 56756?
6
What is the units digit of 31975?
5
What is the hundreds digit of 843?
8
What is the thousands digit of 12718?
2
What is the units digit of 18974?
4
What is the hundreds digit of 15362?
3
What is the thousands digit of 121801?
1
What is the tens digit of 799?
9
What is the tens digit of 3511?
1
What is the units digit of 1916?
6
What is the thousands digit of 4937?
4
What is the hundreds digit of 31266?
2
What is the thousands digit of 19537?
9
What is the thousands digit of 1058?
1
What is the thousands digit of 3324?
3
What is the units digit of 140896?
6
What is the hundreds digit of 21421?
4
What is the thousands digit of 42768?
2
What is the ten thousands digit of 10580?
1
What is the thousands digit of 18856?
8
What is the units digit of 4395?
5
What is the thousands digit of 60681?
0
What is the thousands digit of 55645?
5
What is the thousands digit of 1506?
1
What is the ten thousands digit of 31159?
3
What is the units digit of 43294?
4
What is the tens digit of 7497?
9
What is the units digit of 35496?
6
What is the units digit of 20716?
6
What is the thousands digit of 75604?
5
What is the units digit of 19263?
3
What is the thousands digit of 83663?
3
What is the ten thousands digit of 33263?
3
What is the tens digit of 9069?
6
What is the hundred thousands digit of 126162?
1
What is the tens digit of 929?
2
What is the ten thousands digit of 157066?
5
What is the tens digit of 33408?
0
What is the hundreds digit of 532?
5
What is the hundreds digit of 527?
5
What is the hundreds digit of 3119?
1
What is the hundreds digit of 1830?
8
What is the units digit of 28714?
4
What is the hundreds digit of 7759?
7
What is the tens digit of 650?
5
What is the thousands digit of 3183?
3
What is the tens digit of 2975?
7
What is the units digit of 18119?
9
What is the tens digit of 3887?
8
What is the tens digit of 5336?
3
What is the units digit of 5911?
1
What is the tens digit of 9014?
1
What is the units digit of 3775?
5
What is the ten thousands digit of 12563?
1
What is the units digit of 1844?
4
What is the hundreds digit of 6876?
8
What is the hundreds digit of 1075?
0
What is the units digit of 993?
3
What is the units digit of 6?
6
What is the ten thousands digit of 21692?
2
What is the thousands digit of 61504?
1
What is the units digit of 11949?
9
What is the units digit of 8599?
9
What is the units digit of 66644?
4
What is the tens digit of 22051?
5
What is the hundreds digit of 4302?
3
What is the thousands digit of 1971?
1
What is the units digit of 36373?
3
What is the units digit of 11977?
7
What is the units digit of 1639?
9
What is the thousands digit of 3071?
3
What is the units digit of 15816?
6
What is the tens digit of 355?
5
What is the units digit of 104759?
9
What is the tens digit of 440?
4
What is the ten thousands digit of 32980?
3
What is the thousands digit of 1390?
1
What is the tho